st common factor of 1326 and 2924.
34
What is the highest common divisor of 13390 and 155530?
1030
Calculate the highest common factor of 3753 and 1755.
27
Calculate the greatest common divisor of 52 and 908.
4
Calculate the highest common factor of 19773 and 156.
39
What is the highest common factor of 912 and 131024?
304
Calculate the highest common divisor of 26 and 1874262.
26
What is the greatest common factor of 88635 and 27057?
933
What is the greatest common divisor of 130 and 1602315?
65
Calculate the highest common factor of 10556 and 707980.
364
Calculate the greatest common divisor of 24 and 169776.
24
Calculate the greatest common divisor of 54416 and 537.
179
What is the highest common divisor of 22048 and 117?
13
What is the greatest common divisor of 4659369 and 429?
429
What is the highest common divisor of 81711 and 1008?
63
Calculate the highest common factor of 4514 and 1342.
122
What is the greatest common divisor of 39530 and 4154?
134
What is the greatest common divisor of 146 and 345144?
146
What is the greatest common divisor of 76088 and 16?
8
Calculate the highest common factor of 27204 and 78.
6
Calculate the greatest common factor of 47759 and 9617.
163
What is the highest common divisor of 332 and 59428?
332
What is the highest common divisor of 6291 and 108?
27
What is the greatest common factor of 1140 and 3230?
190
What is the highest common factor of 672 and 107808?
96
What is the greatest common divisor of 2185 and 17290?
95
Calculate the highest common divisor of 522 and 101529.
261
Calculate the highest common divisor of 66654 and 198.
18
Calculate the greatest common divisor of 39573 and 27.
9
Calculate the highest common factor of 390 and 915.
15
Calculate the greatest common factor of 385 and 4721717.
77
Calculate the greatest common factor of 146 and 165418.
146
What is the highest common factor of 7518 and 672?
42
What is the highest common divisor of 72834 and 796?
398
Calculate the highest common factor of 5457 and 839736.
321
What is the greatest common factor of 4349 and 326?
1
Calculate the highest common factor of 897 and 50011.
13
What is the greatest common divisor of 51 and 34306?
17
What is the highest common divisor of 623649 and 78?
39
Calculate the greatest common factor of 123640 and 17141.
281
Calculate the greatest common divisor of 1109745 and 189.
63
Calculate the highest common factor of 201277 and 934.
467
Calculate the greatest common factor of 873 and 1416297.
291
What is the greatest common factor of 408 and 548488?
136
Calculate the highest common factor of 160 and 153040.
80
What is the highest common factor of 288 and 66624?
96
What is the greatest common factor of 5 and 10875950?
5
What is the highest common divisor of 78 and 11674?
26
Calculate the highest common divisor of 216 and 3288.
24
Calculate the highest common factor of 135219 and 47.
47
What is the greatest common divisor of 517 and 102272?
47
What is the greatest common factor of 437 and 34638?
23
Calculate the highest common divisor of 226408 and 56.
56
Calculate the highest common factor of 56725 and 40.
5
What is the highest common factor of 11538 and 6?
6
Calculate the highest common factor of 1161 and 6493.
43
Calculate the greatest common divisor of 9354312 and 1023.
1023
What is the greatest common divisor of 746 and 6?
2
Calculate the highest common factor of 6842193 and 1146.
573
What is the greatest common divisor of 3 and 2124?
3
What is the greatest common divisor of 11622 and 169860?
894
What is the highest common factor of 303840 and 45?
45
What is the greatest common factor of 36 and 24075?
9
Calculate the greatest common factor of 92 and 2333373.
23
Calculate the greatest common divisor of 8 and 146448.
8
What is the highest common divisor of 104375 and 45625?
625
Calculate the highest common divisor of 269388 and 630.
126
What is the highest common factor of 120571 and 150403?
1243
Calculate the highest common divisor of 30 and 74922.
6
Calculate the greatest common factor of 1456 and 5782.
14
What is the highest common divisor of 7405 and 10?
5
Calculate the highest common factor of 272765 and 5.
5
Calculate the highest common divisor of 14085 and 2504.
313
Calculate the greatest common divisor of 253529 and 15111.
1679
What is the highest common factor of 53067 and 42?
21
Calculate the highest common factor of 17528 and 896.
56
What is the greatest common divisor of 14 and 4003?
1
What is the greatest common factor of 957 and 4147?
319
Calculate the greatest common factor of 78744 and 986.
34
Calculate the highest common divisor of 30 and 355422.
6
Calculate the greatest common divisor of 99101 and 10524.
877
What is the highest common factor of 29572 and 12?
4
What is the greatest common factor of 133 and 195643?
133
Calculate the highest common factor of 7 and 40873.
7
Calculate the highest common divisor of 125 and 341375.
125
What is the greatest common factor of 4683 and 27206?
223
Calculate the greatest common divisor of 846 and 7452.
18
What is the greatest common factor of 162 and 1950?
6
What is the greatest common factor of 759 and 616?
11
What is the highest common factor of 33896 and 3791?
223
What is the greatest common factor of 92265 and 30?
15
What is the greatest common factor of 777 and 4053?
21
Calculate the highest common factor of 96 and 191832.
24
What is the highest common divisor of 1737 and 972?
9
What is the greatest common factor of 713506 and 184?
46
Calculate the highest common divisor of 147737 and 7528.
941
What is the greatest common divisor of 602 and 183309?
301
Calculate the greatest common factor of 549 and 27657.
9
Calculate the highest common divisor of 608 and 1406.
38
What is the highest common divisor of 8701 and 1149775?
1243
Calculate the greatest common factor of 31979 and 3113.
283
What is the highest common divisor of 142445 and 155?
155
What is the highest common factor of 246 and 257562?
246
What is the highest common divisor of 5896 and 29547?
67
What is the greatest common divisor of 77 and 244134?
11
What is the highest common divisor of 98830 and 10?
10
What is the highest common factor of 55506 and 198?
66
Calculate the highest common factor of 44940 and 7644.
84
Calculate the greatest common factor of 78888 and 6055.
173
Calculate the greatest common divisor of 34986 and 2023.
119
Calculate the greatest common factor of 85606 and 368.
46
Calculate the greatest common factor of 9 and 1397421.
9
Calculate the highest common factor of 19705 and 105.
35
Calculate the highest common factor of 11 and 138809.
11
What is the highest common factor of 2208 and 80?
16
What is the greatest common factor of 4 and 263704?
4
What is the greatest common factor of 1072462 and 2?
2
Calculate the greatest common factor of 1174416 and 240.
48
Calculate the greatest common divisor of 55 and 1445.
5
Calculate the highest common divisor of 1410 and 150270.
30
What is the greatest common divisor of 48 and 233160?
24
What is the highest common divisor of 1240 and 32488?
248
Calculate the greatest common factor of 155320 and 25080.
440
Calculate the highest common divisor of 705 and 89415.
15
Calculate the greatest common divisor of 588196 and 588.
196
What is the highest common factor of 7015 and 183?
61
Calculate the highest common divisor of 1770 and 131570.
590
Calculate the highest common divisor of 106 and 16377.
53
Calculate the greatest common divisor of 5740 and 947920.
820
Calculate the highest common factor of 1910 and 60.
10
What is the highest common factor of 27 and 205785?
9
Calculate the greatest common divisor of 1299 and 3517259.
433
Calculate the highest common divisor of 17815 and 2835.
35
What is the highest common factor of 51 and 7086?
3
Calculate the highest common factor of 203123 and 4435.
887
Calculate the greatest common divisor of 77 and 161728.
7
What is the highest common divisor of 42 and 808472?
14
What is the greatest common divisor of 108879 and 69?
3
What is the highest common factor of 38 and 81434?
38
Calculate the greatest common factor of 8232714 and 18.
18
What is the greatest common factor of 237588 and 156?
156
What is the greatest common divisor of 47395 and 545?
5
Calculate the greatest common divisor of 158940 and 900